*r + 13, -3*r + 10 = -4*z - 11. Give l(z).
10
Suppose 0*w + 2*w + 4*w = 0. Let y(x) = -2*x + w - 95*x**2 + 2 - x**3 + 95*x**2. Determine y(2).
-10
Let v(l) = -l**3 - 7*l**2 - 2*l - 9. Let t be v(-7). Let m(h) = 3*h - t - 2 + h - 3*h. Determine m(-5).
-12
Let h(a) = -2 + 1 + a - 5. Let f be h(11). Let n(u) = 3*u - 1. Let m(j) = -3*j. Let k(s) = f*m(s) + 4*n(s). Give k(-3).
5
Let c(a) = -a**3 + 12*a**2 - 12*a + 5. Let b be (1 - -2)*((-52)/(-6) + -5). Give c(b).
-6
Let l(j) be the first derivative of 3*j + 3*j**2 + 22 + 1/4*j**4 - 7/3*j**3. Let x(c) = 5*c**2 + 1. Let a be x(-1). Give l(a).
3
Let j(i) = 3*i + 4. Let r = -40 - -58. Suppose -5*s - r = s. Determine j(s).
-5
Suppose -g - 4 = -3*g. Let d = -18 + 25. Suppose g*k - 3 = d. Let b(l) = l**2 - 7*l + 6. Calculate b(k).
-4
Let w(t) = t + 2. Suppose -5*l = -2*f + 32, 7*l = 2*l + 4*f - 34. Let x(h) = -h - 4. Let g be x(l). Suppose 0*y - g*y = 5*p, -5*p + 30 = -4*y. What is w(y)?
-3
Let x(v) = -v**2 + v - 4. Let h = 8 - 2. Let c be h/(-8) - (-105)/28. Let b be -1 - -2 - c - -2. Calculate x(b).
-4
Let u(d) = -91*d - 458. Let j be u(-5). Let n(i) = -4*i - 5. Let m(h) = -h - 1. Let c(q) = -9*m(q) + 2*n(q). Determine c(j).
-4
Let y(m) be the second derivative of -m**3/6 + m**2/2 - 2*m - 49. Give y(5).
-4
Let m(u) be the third derivative of u**6/60 - u**5/60 - u**4/4 - u**3/3 + 42*u**2. What is m(2)?
-2
Let y(h) = h**2 + h - 10. Let n be (1 - -3 - 4)/4. What is y(n)?
-10
Let l(y) = -222 + 4*y - y**2 - 6*y + 220 - 3*y**3 + y + 2*y**3. Let o = -6 + 10. Suppose o*k + 5 = -3. What is l(k)?
4
Let m(n) = 14*n - 3518 + 3517 - 10*n. Determine m(-3).
-13
Let a(t) = -3*t**2 + 4*t - 3. Let f(o) = -8*o**2 + 34*o - 5. Let q be f(4). Determine a(q).
-18
Let l(g) = 2*g**2 + 1 + 0*g**3 + 1 + 2*g**3. Calculate l(-2).
-6
Suppose 8 = 2*w - 2. Suppose -2*q + 3 = g, 2*g - 1 = q - 0. Let x(f) = -3*f - 5 + 4*f + w + g. Give x(1).
2
Let h(j) = 4*j**3 + 7*j**2 + 3*j + 4. Let w(p) = -7*p**3 - 13*p**2 - 5*p - 7. Let o = 29 - 24. Let g(c) = o*h(c) + 3*w(c). Determine g(-4).
-1
Let x(s) = s - 2. Let u(y) = -3*y**2 + 4*y - 9. Let g(a) = -2*a**2 + 4*a - 8. Let l(j) = -4*g(j) + 3*u(j). Let d be l(-6). Determine x(d).
-9
Let k(x) = -10*x - 15. Let s(u) = 3*u + 4. Let w(y) = -2*k(y) - 7*s(y). Give w(2).
0
Let c be ((-12)/(-8))/(27/(-36)). Let t(b) be the first derivative of b**3 + 2*b**2 + 3*b + 2. Give t(c).
7
Let g be (-30)/24 - (-2)/8. Let a(c) = -4*c + 5. Let x(k) = 3*k - 4. Let h(t) = -5*a(t) - 6*x(t). Calculate h(g).
-3
Let p(h) = -1 + 3 + 3 - 4. Let c(b) = -b - 1. Let t(a) = -c(a) + p(a). Let n be 4*((-18)/(-4))/(-3). What is t(n)?
-4
Suppose 115 = -12*x + 151. Let y(p) be the first derivative of -1/3*p**x + 7/2*p**2 - 5 - 2*p. Give y(5).
8
Let j(y) = y**2 + 3*y + 0*y**2 - 3*y**2. Let i be (92/115)/((-4)/(-10)). Determine j(i).
-2
Let l(p) = 5 - 6*p**2 + 13*p**2 - 12*p**2 + 0 - p**3 + 5*p. What is l(-5)?
-20
Let q(k) = -7*k + 1. Let c(r) = 4*r - 1. Let y be 230/30 + 1/3. Let p = -14 + y. Let x(m) = p*q(m) - 10*c(m). Calculate x(3).
10
Let a = -44 + 40. Let i = a + 6. Let j(w) = 2*w - 3*w - w. What is j(i)?
-4
Let f(d) = d + 27. Suppose q = -5*l - 32, 45*l = 4*q + 48*l + 60. Calculate f(q).
15
Let f(v) = 3*v + v + 2 - 5 - 6 - 3*v. Determine f(6).
-3
Suppose -5*z - 3*f = -1, -6*f - 9 = -3*f. Let q(g) = g**3 - 3*g - 6721 + 6720 + g**z + 2*g**2. Let v be 0 + 2 + -2 + -3. Give q(v).
8
Let j(d) = -2 + 3*d**2 + 35*d + 4 - 6*d**2 - 36*d. Calculate j(-2).
-8
Let d(g) be the third derivative of 7*g**4/24 - g**3/2 + 100*g**2. What is d(1)?
4
Let w(r) = r + 2. Let v = 380 + -380. Determine w(v).
2
Let d(o) be the first derivative of o**4/4 - o**2 + 3*o - 171. What is d(-2)?
-1
Let g(r) = 2*r + 6. Suppose 2*z + 15 = 5*z. Let m(k) = k + 8. Let s be m(-6). Suppose 4*q - 1 = -3*v - s, -21 = -z*v - q. Calculate g(v).
16
Let i(r) = -3*r + 6. Let l be i(3). Let c(m) = 7*m**3. Let w be c(-1). Let p(x) = 4*x + 12. Let u(z) = 3*z + 8. Let s(q) = w*u(q) + 5*p(q). What is s(l)?
7
Let z(l) = -2*l. Suppose 13 = -3*q + w, -6 = -11*q + 13*q + 2*w. Determine z(q).
8
Let h(p) be the third derivative of p**8/6720 + p**7/420 + p**6/240 - p**5/30 - 5*p**4/24 + 13*p**2. Let a(o) be the second derivative of h(o). What is a(-6)?
-22
Let o = 139 - 135. Let q = o + -7. Let s(t) = -3*t**2 - 2*t + 1. Calculate s(q).
-20
Suppose -6 = -3*m + 4*v - v, -4*m + 6 = -3*v. Let r(j) = -j - 4. Let p be r(m). Let x = 9 + p. Let y(l) = -l**3 + 5*l**2 + 3*l - 4. Give y(x).
11
Let m(b) = 66*b + b**2 + 62*b - 188*b - 2 + 66*b. Give m(-5).
-7
Let f(w) = -12 + 0*w**2 + 3*w**2 + w - 4*w**2. Suppose 97*n = 99*n. Calculate f(n).
-12
Let l be 2/(-7) + 333/63. Suppose -l*o = -2*o + 9. Let y = o - 2. Let x(i) = -i**3 - 6*i**2 - 7*i + 1. Give x(y).
11
Let y(z) = -4*z**3 + 0*z**3 - 8*z**2 + 3*z + 5*z**3 - z**3 + z**3 + 16. Give y(7).
-12
Let o(l) = 86 - 3*l - 71 - 41. Let d be o(-9). Let s(w) = 4*w**3 - w**2 - w + 1. Calculate s(d).
3
Let g(f) = -5*f**2 + 3*f. Let p(y) = y**2 - y - 1. Let v(o) = 6*o**2 + o + 1. Let i be v(-1). Suppose -j + 0 = -i. Let b(q) = j*p(q) + g(q). Determine b(5).
4
Let b(u) = -8*u - 1680*u**2 + 11 - u + 1679*u**2 + 4. Give b(-11).
-7
Let o(l) = -7*l**2 + 2*l - 7. Let c(k) = -13*k**2 + 5*k - 17. Let t(q) = -2*c(q) + 5*o(q). Give t(-1).
-10
Let x(q) = -9*q - 2. Let u be x(-1). Let h = -5 + u. Suppose -4*m - 33 = -5*t, -h*m + m - t = -3. Let i(r) = r**3 + 4*r**2 - 2*r - 3. What is i(m)?
9
Let o(t) = t**3 + t + 4*t**2 + 4*t**2 + 2*t**2 + 8. Let q = 163 - 173. Calculate o(q).
-2
Let j(o) = -34 + 13 - o + 17. Determine j(4).
-8
Let r be (1 - 8/4)*(-20 - 0). Let k(y) = r*y + 0 - 1 - 12*y - 12*y. Determine k(-2).
7
Let h(y) be the third derivative of 7*y**4/24 + y**3/6 - y**2 - 10. Give h(-2).
-13
Let y be (18 - 10) + (0 - 15). Let w(b) = -b**2 - 6*b + 10. What is w(y)?
3
Let r(y) = -52*y + 96. Let f be r(2). Let k(z) = z**2 + 7*z - 8. Calculate k(f).
0
Let i(u) = 2*u - 8. Suppose 11*r + 15*r = 104. Calculate i(r).
0
Let v(y) = 10*y**2 - 13*y + 13. Let i(u) = 3*u**2 - 4*u + 4. Let g(q) = -7*i(q) + 2*v(q). Give g(2).
-2
Let s(k) = -k**2 - 6. Suppose 3*a + 5 = 5. Determine s(a).
-6
Let g be 26 + -25 + (4 - 0). Let j(m) be the third derivative of 4*m**2 + 1/60*m**5 + 0 - 5/24*m**4 + 0*m + 5/6*m**3. Give j(g).
5
Let a(l) be the second derivative of 1/12*l**4 + 0*l**2 + 1/6*l**3 + 6*l + 0 - 1/120*l**5. Let y(f) be the second derivative of a(f). Determine y(6).
-4
Let w(l) be the third derivative of -l**5/30 + l**4/24 - l**3/6 - 6*l**2. Let q(r) be the first derivative of w(r). What is q(-2)?
9
Let q(w) = 2*w**3 + 18*w**2 - 5*w + 3. Let g(r) = r**3 + 9*r**2 - 3*r + 2. Let y(f) = 11*g(f) - 6*q(f). Calculate y(-9).
31
Suppose 0 = -6*j - 48 - 18. Let f(s) = s**3 + 11*s**2 + s - 12. Determine f(j).
-23
Let k be (-1)/((-5)/(-6 + -59)). Let x(i) = i**2 + 13*i + 19. Give x(k).
19
Let o(q) = q**2 - 3*q - 1. Let m be (0 + 1)*(-3 + 5). Suppose 4 = -m*g + 16. Let h be 2/(-3) + (-8)/g. What is o(h)?
9
Let o(p) = -5 + p**2 + p + 2*p + 0. Calculate o(4).
23
Let w(r) = r**2 + 7*r - 15. Let f be w(-9). Let i(b) = -2 + 291*b**2 - 287*b**2 + 0*b**3 - 4*b + b**f. Suppose 0 = z - 6*z - 25. What is i(z)?
-7
Let j be -6 - ((-1)/1)/((-4)/12). Let r(v) = v**3 + 8*v**2 - 7*v + 10. Let p be r(j). Let x(u) = 2*u + 4. Give x(p).
-12
Let k(u) = u**3 - 3*u**2 - 2*u + 1. Suppose -9*a + 4*a = -10. Suppose a + 4 = 2*r. Determine k(r).
-5
Let k(d) = d**2 - 7*d + 13. Suppose w + 18 = -3*m + 7*m, -3*m - 4*w + 23 = 0. What is k(m)?
3
Let v(y) = 7*y**2 + 11*y + 16. Let k(s) = 4*s**2 + 5*s + 8. Let w(g) = 5*k(g) - 3*v(g). Give w(-6).
4
Let r(m) = 2*m**2 - m. Suppose -44 = -3*i - 14. Let w = i - 13. Let h be -3 + (-4)/(w/3). Determine r(h).
1
Let p be ((-2)/(-6))/((-19)/57). Let f(w) = -23*w**3 + w**2 + w - 1. Determine f(p).
22
Suppose 0 = -7*t - 53 - 311. Let a = t + 51. Let l(w) = -w - 2. Give l(a).
-1
Suppose 5*m = 7*m - 2. Let r(p) = 5 + 2 - m - 2 - 3*p. Calculate r(-6).
22
Let a(u) = -3*u - 16. Let w be a(-9). Let i(c) = c**3 - 11*c**2 + 6. Let r be i(w). Let m(v) = -2*v**2 - 6*v - 1 - 4 + 3*v**2. Calculate m(r).
-5
Let w(z) be the first derivative of 2*z**2 - z - 2. Let q = -20 + 18. Let u = q + 1. What is w(u)?
-5
Let r(t) be the first derivative of t**4/4 - t**3 - 4*t**2 + 4*t - 1. Let h be 16/12 + 1*4/6.